n + 2 + 3*n. Let f = -22 - -21. Calculate x(f).
-7
Let c = 88 + -85. Let w(j) be the second derivative of -1/2*j**c + 0 - 2*j + 0*j**2. Give w(3).
-9
Let l(n) be the second derivative of -n**5/60 - n**4/12 + 7*n**3/6 - n**2/2 - n. Let j(w) be the first derivative of l(w). Let u = 6 + -11. Calculate j(u).
-8
Let c(l) be the third derivative of -l**7/840 - l**6/180 - l**5/40 - l**4/8 + l**3 + 7*l**2. Let d(y) be the first derivative of c(y). Determine d(-2).
3
Let n = -43 + 60. Let d = 19 - n. Let r(j) = -2*j**3 + 4*j**2 - 4*j + 3. What is r(d)?
-5
Let j(x) = -4 - 2*x**2 + 7*x**2 + 3*x + x**3 + 0*x**3. Let k = -6 - -3. Determine j(k).
5
Let w(g) = -4*g**2 + 9*g - 6. Let s(y) = 3*y**2 - 9*y + 6. Let v(h) = -3*s(h) - 2*w(h). Calculate v(6).
12
Let g be 68/(-6) - (-2)/6. Let z(s) = s + 13. Determine z(g).
2
Let x(q) be the second derivative of -q**3/3 - 5*q**2/2 + 4*q. What is x(4)?
-13
Let i(v) be the first derivative of v**4/4 - v**3 + v**2 - 3*v - 1. Suppose 0 = -3*o + 3 + 6. Calculate i(o).
3
Let c(q) = -q**2 - 13*q - 3. Let w be c(-13). Let n(s) = s + 5. Let x(g) = 2*g + 11. Let z(l) = -5*n(l) + 2*x(l). Determine z(w).
0
Let y be (-4 - -3)/1*-4. Let k(m) = m - 5. Let r be k(y). Let c(w) = -13*w**3 - 2*w - 1. Determine c(r).
14
Let u(y) = 0*y**3 + 5 + 7 + 6*y**2 + 5*y - 18 + y**3. What is u(-5)?
-6
Let s(l) = 8*l**3 - 8*l**2 - 11*l - 8 - 4*l**3 - 5*l**3. Calculate s(-7).
20
Let h(u) = -3*u - 2. Let i be (4/(-2))/((-4)/(-6)). Determine h(i).
7
Suppose p = 2*p - 22. Suppose u + 4*a - 1 = -2*u, u - 3*a = p. Let q(k) = -k + 6. Give q(u).
-1
Let l(d) = d**2 - 2*d - 3. Suppose 3*q - 9 = 3. Let x = q + -1. Suppose -4*i = -w, 8 = 3*w - i - x. What is l(w)?
5
Let p(m) = 4*m - 2. Let j(x) = -x**3 + x**2 + 3*x - 2. Let t be j(0). What is p(t)?
-10
Let z(h) = 14*h - 3. Let n(m) = -5*m + 1. Let p(a) = -8*n(a) - 3*z(a). Suppose 2 = 2*j - 4. Give p(j).
-5
Let p(b) = 5*b**3 + 9*b**2 + b + 2. Let r(i) = 14*i**3 + 26*i**2 + 3*i + 5. Let v(g) = 17*p(g) - 6*r(g). Let q(a) = -a + 2. Let x be q(-1). What is v(x)?
1
Let p be (-4 + 4)*(3 + -4). Let s(f) be the second derivative of -f**4/12 + f**3/6 + f**2 - f. What is s(p)?
2
Let o(p) = -p**3 + 4. Suppose -3 = -3*x + 3. Suppose 2*b - 4*j = -x*b + 12, 3*b + 3*j = -21. Let w be 0/(3/6*b). What is o(w)?
4
Let y(x) be the first derivative of -x**5/10 + x**4/4 - x**3/3 - x**2 - 3*x + 2. Let q(o) be the first derivative of y(o). Determine q(2).
-10
Let p(h) be the first derivative of -h**5/120 + h**4/12 - 8*h**3/3 + 8. Let c(z) be the third derivative of p(z). What is c(0)?
2
Let a(s) = 2*s. Let u = 29 + -34. Give a(u).
-10
Let k(c) = 3*c - 10*c + 3*c. What is k(-2)?
8
Let f(x) = -8*x**3 - x. Let j(b) = -b**3 - 2*b**2 - 4*b - 4. Let r be j(-3). Let d = r + -7. Let q be (-4)/d + (-3)/5. What is f(q)?
9
Let r = 13 + -9. Let f(q) = 3*q - 10. Let n(w) be the first derivative of w**2 - 7*w - 1. Let j(t) = 5*f(t) - 8*n(t). Give j(r).
2
Let h(r) = -r**2 - 5*r + 3. Let s be h(-5). Suppose 4*y + 5*p - 37 = 0, 2*y - s*p + 30 = 7*y. Let k(c) = -1 + 7*c**3 - 4*c + y*c + c - c**2 + c. Calculate k(1).
6
Let l(g) = 2*g - 7. Let r = 27 + -22. Give l(r).
3
Let s = -6 - -8. Let m be s/11 + (-136)/22. Let a(c) = -c**2 - 4*c + 7. Calculate a(m).
-5
Let j(g) be the first derivative of -g**3/3 - 5*g**2/2 - 3*g + 4. Let y be j(-4). Let n(o) = o - 2. Determine n(y).
-1
Let u(b) = -2*b + 6 + 4*b - 3 - 4. What is u(1)?
1
Let m = -83 - -88. Let d(p) = -p**2 - 4*p**2 - 2*p + 4 + 0*p + p**3. Determine d(m).
-6
Let f(y) = y + 1. Let q(i) = 7*i + 8. Let g(h) = -13*h - 15. Let p(c) = 3*g(c) + 5*q(c). Suppose -7 = 4*l + 5. Let t(b) = l*f(b) - p(b). Calculate t(0).
2
Let r(p) = p. Let j(z) = -12*z - 2. Let c(u) = j(u) + 10*r(u). Let y be c(-3). Let f(a) = a - 1. Let b(g) = -5*g + 6. Let x(q) = -b(q) - 2*f(q). Give x(y).
8
Let c(b) = 4*b**2 - 2*b + 2. Suppose 0 = -2*h - 0 + 4. Determine c(h).
14
Suppose -5*y + 25 = 5. Suppose -x + 8 = 2*k, -3*x - 8*k + 3*k = -20. Let v(u) = u**3 + 3*u**2 - 1 + x - 6*u**2 + 0*u - 4*u. Give v(y).
-1
Suppose 6 = a + a + 3*v, 0 = 4*a - v + 2. Let m = 5 + -2. Let t(r) = 5*r - 9. Let h(u) = -4*u + 8. Let z(o) = m*t(o) + 4*h(o). Give z(a).
5
Let s(z) = z**2 - 4*z - 1. Let t = 26 + -15. Suppose -5*v + 24 + t = 0. Let q(a) = -a + 11. Let b be q(v). Give s(b).
-1
Let m(p) = 4 + 2 + 0 - 8*p**2 + 9*p**2. Suppose -2*g = 3*g. Determine m(g).
6
Let b be -9*((-6)/(-9) - 1). Let x = b - 12. Let l = 8 + x. Let r(s) = -5*s. Calculate r(l).
5
Let w(o) = 3*o + 6. Suppose 21 = 5*y - 29. Let b(g) = g**2 - 11*g. Let f(p) = p**2 - 11*p - 1. Let j(q) = 7*b(q) - 6*f(q). Let m be j(y). What is w(m)?
-6
Suppose 0 = -y - 2*j + 10, 4*y = -2*j - 2*j + 28. Let g(u) = 5*u + 8. Let k(i) = -i - 1. Suppose -z + 3*z = -2. Let l(q) = z*g(q) - 6*k(q). Give l(y).
2
Let a(q) = q**3 - 4*q**2 - 3*q - 16. Let k(p) = -p**3 + 3*p**2 + 2*p + 15. Let s(g) = -2*a(g) - 3*k(g). Calculate s(0).
-13
Suppose -3 = a + 1. Suppose 3*p - 19 = 2*y - 6, 4*p + 4*y = 44. Let g(t) = 0 + p + t - 3. Calculate g(a).
0
Let t(k) = k**2 + 5*k - 2. Let q be t(-6). Let x(c) = -c**2 + c. Let v(s) = s**3 - s**2 - s + 1. Let f(i) = v(i) + 4*x(i). Determine f(q).
-3
Suppose 3*k = x - 3*x - 2, 4*x = 4*k + 16. Let t(b) = 0 + 6 - 2 + b**3 - 4*b - x*b**2. What is t(3)?
1
Let c(y) = y**2 - 2*y - 3. Let z be (-11 + 10)*(18 + 1). Let i = z - -17. Give c(i).
5
Let a(y) = -3*y**2 - 5*y + 3. Let p = 10 + -6. Let h(j) = 5*j**2 + 9*j - 5. Let i(b) = p*h(b) + 7*a(b). Determine i(0).
1
Let g(q) = -q**2 - 4 - 6*q**2 + 5*q**2 + 3*q**2 + 6*q. Give g(-3).
-13
Let y(m) = m - 3. Let k be y(4). Let i(b) = -2*b - 1. What is i(k)?
-3
Let v(i) = i**3 + 2*i**2 + 4*i - 8. Let h(o) = o**3 + 3*o**2 + 4*o - 7. Let j(q) = -4*h(q) + 3*v(q). Let l = -18 + 9. Let y be 3/9 - (-48)/l. Calculate j(y).
-1
Let q(f) = 2*f - 1 + 9*f - f - 6*f. Determine q(-4).
-17
Let p(w) = -42*w - w**2 - 1 + 2*w**2 + 48*w. What is p(-4)?
-9
Let g = 1 - 5. Let s(a) be the second derivative of -5*a**3/6 + a. Let t(i) = -6*i. Let h(n) = -5*s(n) + 4*t(n). Determine h(g).
-4
Let x(d) = -d. Let p(b) = -4*b + 9. Let n(k) = p(k) - 3*x(k). Let y be 2/(-3) - 4/(-6). What is n(y)?
9
Let p(i) = -i**3 - 5*i**2 + i + 11. Let h(t) = -t**3 + t**2 + t + 1. Let k(q) = 2*h(q) - p(q). Calculate k(7).
-2
Let y(u) be the second derivative of -u**5/10 + u**4/4 - u**3/3 - u. Let w be 52/9 + (-12)/(-54). Suppose 4*b = b + w. Give y(b).
-8
Let p(x) = -x + 4. Let y = -14 - -21. Give p(y).
-3
Suppose -4*x + d = -11, 3*d = -5*x + 2*d + 25. Let r(q) = q**2 - 5*q + 4. Give r(x).
0
Let l = 2 + 1. Let b = -13 + 24. Suppose d - 2*h - 2*h = b, -d + l = -2*h. Let u(c) = c**2 + 4*c + 1. What is u(d)?
6
Suppose -3*x = 18 - 0. Let c = 10 + x. Let b(v) = -v**3 + 3*v**2 + 4*v - 4. Give b(c).
-4
Let g = -12 - -17. Let j = 3 + -1. Let o(t) = t**3 + g - j*t - 5*t**2 + 0 + 1. Give o(5).
-4
Let i(j) be the first derivative of j**3/3 + j**2 + j + 3. Let g(l) = 5*l**2 + 10*l + 5. Let m(c) = 2*g(c) - 11*i(c). What is m(2)?
-9
Let q(a) be the second derivative of a**5/20 - a**2/2 + 2*a. Calculate q(0).
-1
Let q be 9 + (1 - -3)/(-2). Let l(p) = -q*p + 33 - 18 - 2*p**2 - 21. Give l(-4).
-10
Let z be (48/(-36))/((-4)/(-6)). Let c(f) be the first derivative of 3*f**2/2 - 2*f - 3. Give c(z).
-8
Let p(w) = -1 - 2 + 0 - w**2 + 7*w + 2. What is p(7)?
-1
Let x(f) = -2*f - 1 + 5 + 0 + 5*f. Give x(3).
13
Let w be (-2)/4 - (-6)/4. Let y = -6 + 13. Let o(g) = -4*g**2 + 1 - 3*g**2 - y*g**3 + 6*g**2 - g. Give o(w).
-8
Suppose 0 = -2*x + u - 12, 9 = -3*x - 2*u - 2. Let w = 4 + x. Let z(q) = -6*q**2 + q. Calculate z(w).
-7
Let c = 7 + -10. Let n(y) = -y**2 - 6*y - 2. Let m(k) = -2*k**2 - 13*k - 5. Suppose 0 = -5*p + 30 + 5. Let a(i) = c*m(i) + p*n(i). Give a(-4).
-3
Let k = 6 - -1. Let g(j) = j + 1. Give g(k).
8
Let z = -5 + 3. Let x be (-10 - 0)/(-3 + 1). Let t(b) = -2*b**3 - x + 2 + 4 - 3*b**2. Determine t(z).
5
Suppose -2*w - 3*s + 0*s + 9 = 0, 10 = 5*w + 5*s. Let p(g) = -g**3 - 3*g**2 + 3*g + 4. Calculate p(w).
-5
Suppose -1 = 3*v + 14. Let l be ((-4)/(-14))/(v/(-35)). Let c(p) = -p - 2. Let a(w) = 1. Let x(r) = 6*a(r) + 3*c(r). Calculate x(l).
-6
Let t(h) = -2*h + 2. Let q(u) = u**2 + 6*u. Let a be q(-6). Suppose 0*j + 4*j - 72 = a. Suppose -4*w = -y + w - j, 0 = -3*y - 3*w + 18. What is t(y)?
-2
Suppose -4*h